ase 15) to base 11
-21
Convert -2 (base 11) to base 5.
-2
Convert -87 (base 9) to base 15.
-54
What is -6 (base 12) in base 2?
-110
Convert -6 (base 13) to base 8.
-6
What is -5 (base 14) in base 7?
-5
What is -40 (base 5) in base 13?
-17
Convert -1433 (base 5) to base 6.
-1043
-15 (base 12) to base 4
-101
What is -11 (base 3) in base 5?
-4
Convert 0 (base 8) to base 10.
0
101 (base 6) to base 10
37
What is -10 (base 5) in base 6?
-5
12 (base 5) to base 4
13
Convert -22 (base 9) to base 14.
-16
50 (base 15) to base 7
135
What is 0 (base 15) in base 4?
0
Convert -1 (base 3) to base 14.
-1
Convert 7 (base 8) to base 13.
7
Convert -3 (base 9) to base 8.
-3
What is -11 (base 13) in base 8?
-16
Convert 3 (base 10) to base 14.
3
What is -1000011 (base 2) in base 7?
-124
Convert -16 (base 13) to base 10.
-19
What is -45 (base 7) in base 9?
-36
What is 104 (base 8) in base 13?
53
Convert -2 (base 9) to base 16.
-2
What is -74 (base 13) in base 6?
-235
What is 126 (base 10) in base 14?
90
What is -33 (base 16) in base 8?
-63
-100 (base 6) to base 4
-210
-1031 (base 6) to base 2
-11101011
Convert 0 (base 8) to base 5.
0
326 (base 7) to base 14
bd
What is 1020 (base 4) in base 10?
72
What is 18 (base 14) in base 4?
112
11 (base 10) to base 3
102
Convert -7 (base 9) to base 4.
-13
Convert 11001100 (base 2) to base 9.
246
What is 78 (base 11) in base 8?
125
What is 43 (base 11) in base 2?
101111
What is 1320 (base 4) in base 5?
440
What is -18 (base 14) in base 6?
-34
5 (base 11) to base 2
101
What is 66 (base 15) in base 2?
1100000
54 (base 6) to base 9
37
What is 6 (base 7) in base 12?
6
What is 4 (base 7) in base 8?
4
What is 35 (base 6) in base 15?
18
2 (base 3) to base 6
2
21 (base 16) to base 3
1020
Convert 3 (base 15) to base 3.
10
Convert -1 (base 7) to base 15.
-1
Convert -190 (base 10) to base 16.
-be
2113 (base 4) to base 15
a1
Convert 8 (base 9) to base 12.
8
3 (base 9) to base 6
3
Convert 1 (base 5) to base 4.
1
What is 114 (base 7) in base 10?
60
16 (base 8) to base 15
e
Convert 1 (base 13) to base 8.
1
-4 (base 9) to base 10
-4
a (base 11) to base 4
22
0 (base 6) to base 12
0
What is -8 (base 11) in base 9?
-8
Convert -5 (base 14) to base 12.
-5
What is 151 (base 6) in base 13?
52
What is 5 (base 14) in base 3?
12
What is 1 (base 5) in base 2?
1
What is 15 (base 6) in base 13?
b
What is 15 (base 6) in base 16?
b
Convert -5a (base 11) to base 8.
-101
Convert 4 (base 16) to base 8.
4
-95 (base 11) to base 5
-404
What is -a1 (base 15) in base 8?
-227
-1 (base 13) to base 8
-1
Convert 1 (base 14) to base 13.
1
Convert 10d (base 14) to base 8.
321
-11100101 (base 2) to base 7
-445
What is 1 (base 7) in base 12?
1
What is 1 (base 3) in base 7?
1
Convert -143 (base 5) to base 4.
-300
Convert -105 (base 8) to base 15.
-49
What is 112 (base 3) in base 9?
15
-24 (base 8) to base 12
-18
Convert -12 (base 5) to base 3.
-21
What is 1121 (base 3) in base 8?
53
What is 51 (base 8) in base 3?
1112
What is 2 (base 11) in base 10?
2
Convert -22 (base 5) to base 4.
-30
What is -16 (base 7) in base 15?
-d
1110000 (base 2) to base 8
160
Convert 262 (base 10) to base 13.
172
2e (base 15) to base 14
32
What is -88 (base 13) in base 5?
-422
Convert -111011 (base 2) to base 11.
-54
-1 (base 13) to base 14
-1
Convert -12121 (base 3) to base 15.
-a1
-1103 (base 6) to base 8
-377
Convert 0 (base 5) to base 16.
0
Convert 100 (base 7) to base 10.
49
-10 (base 2) to base 10
-2
-11 (base 2) to base 6
-3
What is 35 (base 16) in base 11?
49
11 (base 3) to base 2
100
bd (base 16) to base 14
d7
What is -4 (base 12) in base 13?
-4
Convert 29 (base 15) to base 8.
47
What is 2 (base 10) in base 9?
2
What is 194 (base 11) in base 16?
e0
-1211 (base 3) to base 12
-41
Convert 2012 (base 3) to base 14.
43
Convert -2 (base 4) to base 13.
-2
What is -3 (base 13) in base 12?
-3
What is 123 (base 10) in base 13?
96
What is -9 (base 11) in base 3?
-100
What is 20 (base 8) in base 16?
10
-10 (base 14) to base 16
-e
What is 4 (base 6) in base 11?
4
What is -9 (base 14) in base 11?
-9
-3 (base 16) to base 2
-11
-7 (base 16) to base 12
-7
Convert 41 (base 7) to base 13.
23
Convert -2 (base 7) to base 14.
-2
What is -7 (base 16) in base 15?
-7
What is -111 (base 8) in base 13?
-58
18 (base 11) to base 4
103
Convert 110 (base 2) to base 5.
11
Convert -32 (base 6) to base 13.
-17
Convert -7 (base 9) to base 3.
-21
1311 (base 4) to base 16
75
-1 (base 14) to base 10
-1
Convert -d (base 15) to base 14.
-d
-2 (base 16) to base 10
-2
Convert 3 (base 9) to base 11.
3
What is 8b (base 13) in base 14?
83
What is -1221 (base 3) in base 13?
-40
What is 0 (base 7) in base 14?
0
Convert 7 (base 14) to base 10.
7
-224 (base 5) to base 2
-1000000
-33 (base 8) to base 2
-11011
Convert 2b (base 13) to base 8.
45
-a (base 11) to base 10
-10
Convert -f (base 16) to base 5.
-30
10 (base 7) to base 10
7
What is 163 (base 15) in base 16?
13e
Convert e (base 16) to base 6.
22
-56 (base 9) to base 16
-33
101 (base 4) to base 14
13
Convert -1 (base 7) to base 12.
-1
65 (base 11) to base 2
1000111
What is -111 (base 2) in base 13?
-7
What is -2 (base 10) in base 2?
-10
What is -9 (base 12) in base 15?
-9
Convert 2 (base 11) to base 5.
2
Convert -110 (base 10) to base 5.
-420
What is 6 (base 7) in base 11?
6
Convert 3 (base 8) to base 11.
3
What is -30 (base 4) in base 8?
-14
What is -152 (base 9) in base 12?
-a8
What is -2a (base 12) in base 6?
-54
-114 (base 13) to base 14
-d4
Convert 12100 (base 3) to base 7.
264
20 (base 3) to base 16
6
Convert 22 (base 16) to base 5.
114
What is 111 (base 3) in base 15?
d
Convert -6 (base 7) to base 14.
-6
-14 (base 16) to base 9
-22
3 (base 8) to base 3
10
What is -13 (base 5) in base 16?
-8
-6d (base 14) to base 13
-76
33 (base 6) to base 10
21
What is 23 (base 5) in base 6?
21
Convert -18 (base 16) to base 14.
-1a
Convert -2 (base 12) to base 15.
-2
Convert 4 (base 7) to base 2.
100
What is 7 (base 9) in base 16?
7
What is 150 (base 9) in base 16?
7e
Convert 0 (base 8) to base 6.
0
What is 51 (base 11) in base 7?
110
-1 (base 13) to base 16
-1
21 (base 7) to base 4
33
-31 (base 8) to base 4
-121
d (base 15) to base 8
15
-2 (base 12) to base 11
-2
Convert 5 (base 6) to base 10.
5
8 (base 13) to base 8
10
What is 30 (base 16) in base 3?
1210
Convert -7 (base 11) to base 4.
-13
Convert -21 (base 14) to base 15.
-1e
What is 20 (base 3) in base 6?
10
-26 (base 9) to base 7
-33
Convert -d0 (base 14) to base 6.
-502
7 (base 9) to base 13
7
What is -5 (base 7) in base 5?
-10
Convert 11 (base 15) to base 10.
16
Convert 11 (base 10) to base 11.
10
What is -1 (base 3) in base 16?
-1
-30 (base 10) to base 8
-36
What is 24 (base 15) in base 4?
202
Convert 15 (base 10) to base 11.
14
Convert 0 (base 10) to base 2.
0
Convert -9 (base 14) to base 10.
-9
Convert -165 (base 8) to base 13.
-90
2130 (base 5) to base 8
442
-143 (base 8) to base 5
-344
What is 5 (base 9) in base 12?
5
253 (base 8) to base 15
b6
-22202 (base 3) to base 11
-1a5
Convert -103 (base 7) to base 11.
-48
-3c (base 15) to base 13
-45
What is 0 (base 12) in base 6?
0
What is 2 (base 10) in base 15?
2
What is 10210 (base 4) in base 9?
354
-2 (base 15) to base 3
-2
Convert 6 (base 7) to base 15.
6
Convert -3 (base 7) to base 4.
-3
Convert 123 (base 5) to base 12.
32
What is -16 (base 16) in base 3?
-211
What is 229 (base 11) in base 12?
1a9
What is -32 (base 12) in base 4?
-212
2b (base 14) to base 16
27
What is 20 (base 3) in base 5?
11
What is 4 (base 13) in base 10?
4
-9 (base 14) to base 13
-9
Convert -3 (base 6) to base 10.
-3
What is -16 (base 13) in base 4?
-103
1001 (base 2) to base 14
9
112 (base 7) to base 14
42
Convert 24 (base 13) to base 11.
28
Convert -56 (base 11) to base 10.
-61
What is 4 (base 13) in base 12?
4
-3 (base 4) to base 2
-11
-26 (base 12) to base 5
-110
What is -4 (base 9) in base 15?
-4
Convert -102 (base 3) to base 2.
-1011
What is 10 (base 4) in base 3?
11
Convert 45 (base 6) to base 8.
35
-11 (base 11) to base 15
-c
0 (base 8) to base 16
0
Convert -8 (base 13) to base 2.
-1000
What is 12 (base 5) in base 3?
21
Convert 12 (base 15) to base 12.
15
1032 (base 4) to base 7
141
10 (base 10) to base 11
a
Convert -120 (base 5) to base 16.
-23
14 (base 7) to base 10
11
0 (base 6) to base 14
0
Conver